False
Is 48 a factor of 2715?
False
Is 2 a factor of 98?
True
Is 12 a factor of 912?
True
Is 1023 a multiple of 31?
True
Is 2205 a multiple of 20?
False
Is 187 a factor of 11033?
True
Is 51989 a multiple of 74?
False
Does 18 divide 37335?
False
Is 1138 a multiple of 14?
False
Is 3178 a multiple of 62?
False
Does 10 divide 13270?
True
Does 13 divide 182?
True
Does 122 divide 126026?
True
Is 342 a multiple of 9?
True
Does 21 divide 3801?
True
Is 18358 a multiple of 156?
False
Does 67 divide 1809?
True
Does 13 divide 1407?
False
Is 10 a factor of 403?
False
Does 29 divide 12478?
False
Does 43 divide 255?
False
Is 10 a factor of 2010?
True
Is 586 a multiple of 2?
True
Does 80 divide 4526?
False
Is 27 a factor of 487?
False
Is 13 a factor of 92?
False
Is 539 a multiple of 3?
False
Is 4043 a multiple of 155?
False
Is 2139 a multiple of 23?
True
Is 47 a factor of 35485?
True
Is 4899 a multiple of 5?
False
Does 130 divide 4680?
True
Is 21 a factor of 32237?
False
Is 946 a multiple of 22?
True
Is 1260 a multiple of 6?
True
Is 7 a factor of 6855?
False
Is 28 a factor of 344?
False
Does 17 divide 11305?
True
Is 41 a factor of 27536?
False
Is 6 a factor of 1964?
False
Is 6990 a multiple of 10?
True
Is 13536 a multiple of 9?
True
Does 24 divide 557?
False
Does 4 divide 289?
False
Is 416 a multiple of 16?
True
Is 58729 a multiple of 114?
False
Is 373 a multiple of 23?
False
Does 23 divide 15850?
False
Is 22 a factor of 11154?
True
Is 11403 a multiple of 181?
True
Does 26 divide 1352?
True
Is 5 a factor of 274?
False
Does 131 divide 31178?
True
Is 15824 a multiple of 23?
True
Is 2125 a multiple of 85?
True
Does 3 divide 404?
False
Is 17 a factor of 5474?
True
Does 13 divide 1456?
True
Does 253 divide 26049?
False
Is 1376 a multiple of 8?
True
Does 17 divide 11995?
False
Is 43 a factor of 678?
False
Does 17 divide 39423?
True
Is 3959 a multiple of 15?
False
Is 615 a multiple of 17?
False
Is 1388 a multiple of 93?
False
Is 22 a factor of 11512?
False
Is 307 a factor of 15862?
False
Is 14576 a multiple of 12?
False
Is 28120 a multiple of 8?
True
Is 34 a factor of 5066?
True
Is 12 a factor of 26156?
False
Does 126 divide 14473?
False
Is 84 a multiple of 6?
True
Is 5 a factor of 189?
False
Is 119 a factor of 20111?
True
Is 308 a multiple of 28?
True
Is 300 a multiple of 25?
True
Is 2178 a multiple of 30?
False
Is 679 a multiple of 51?
False
Does 88 divide 721?
False
Is 13 a factor of 138200?
False
Is 1239 a multiple of 12?
False
Is 1098 a multiple of 18?
True
Does 10 divide 866?
False
Is 71 a factor of 4970?
True
Does 8 divide 17?
False
Is 943 a multiple of 27?
False
Is 52 a factor of 3068?
True
Does 49 divide 44198?
True
Is 174 a multiple of 2?
True
Is 5 a factor of 1769?
False
Does 64 divide 3015?
False
Does 10 divide 2030?
True
Is 17 a factor of 554?
False
Is 20 a factor of 180?
True
Is 71897 a multiple of 7?
True
Is 28 a factor of 623?
False
Does 4 divide 5756?
True
Is 6794 a multiple of 54?
False
Does 48 divide 17335?
False
Does 151 divide 29898?
True
Is 3 a factor of 86?
False
Does 7 divide 140?
True
Is 24 a factor of 85392?
True
Is 127 a factor of 6501?
False
Is 109 a factor of 9265?
True
Is 3 a factor of 141?
True
Is 24 a factor of 2352?
True
Does 27 divide 216?
True
Is 64 a factor of 192?
True
Is 6204 a multiple of 12?
True
Does 53 divide 77?
False
Does 12 divide 581?
False
Is 806 a multiple of 29?
False
Does 8 divide 3898?
False
Is 29535 a multiple of 33?
True
Does 87 divide 1827?
True
Does 37 divide 987?
False
Is 19196 a multiple of 41?
False
Does 29 divide 2005?
False
Is 26 a factor of 4264?
True
Does 23 divide 18865?
False
Does 4 divide 112?
True
Is 50 a multiple of 10?
True
Is 13 a factor of 1105?
True
Does 20 divide 229?
False
Is 15 a factor of 5190?
True
Does 12 divide 7668?
True
Is 33 a factor of 132?
True
Is 177 a factor of 5841?
True
Is 190 a multiple of 25?
False
Is 24 a factor of 2928?
True
Does 2 divide 136?
True
Does 48 divide 9553?
False
Does 155 divide 2170?
True
Is 27 a factor of 2639?
False
Is 11313 a multiple of 20?
False
Is 2045 a multiple of 14?
False
Is 4895 a multiple of 12?
False
Does 4 divide 153?
False
Does 12 divide 14986?
False
Does 21 divide 5471?
False
Is 4750 a multiple of 10?
True
Does 5 divide 2325?
True
Is 12 a factor of 216?
True
Is 6792 a multiple of 283?
True
Is 17642 a multiple of 35?
False
Is 25664 a multiple of 16?
True
Is 1581 a multiple of 17?
True
Is 156 a multiple of 39?
True
Does 41 divide 22052?
False
Does 10 divide 125?
False
Is 28923 a multiple of 93?
True
Is 24196 a multiple of 5?
False
Is 121 even?
False
Is 92 a factor of 2852?
True
Does 6 divide 602?
False
Is 13 a factor of 390?
True
Does 10 divide 4200?
True
Is 22 a factor of 38500?
True
Does 25 divide 150?
True
Is 20216 a multiple of 14?
True
Is 1423 a multiple of 15?
False
Does 14 divide 1064?
True
Is 4 a factor of 2383?
False
Is 3536 a multiple of 52?
True
Does 9 divide 5436?
True
Is 7 a factor of 7?
True
Does 10 divide 6970?
True
Does 23 divide 550?
False
Is 35 a factor of 9975?
True
Is 31 a factor of 7581?
False
Is 13 a factor of 1768?
True
Is 336 a multiple of 28?
True
Is 13624 a multiple of 22?
False
Is 140 a multiple of 20?
True
Is 132 a factor of 68974?
False
Is 51 a factor of 102?
True
Is 15 a factor of 27735?
True
Is 9542 a multiple of 13?
True
Is 1655 a multiple of 10?
False
Does 66 divide 1943?
False
Is 42 a factor of 281?
False
Is 640 a multiple of 20?
True
Is 10906 a multiple of 41?
True
Does 21 divide 89082?
True
Does 8 divide 1328?
True
Is 2681 a multiple of 34?
False
Is 4213 a multiple of 2?
False
Is 18125 a multiple of 29?
True
Does 12 divide 11844?
True
Is 2040 a multiple of 17?
True
Is 11 a factor of 5500?
True
Is 14 a factor of 3600?
False
Does 16 divide 540?
False
Does 99 divide 112064?
False
Does 42 divide 4158?
True
Does 4 divide 113?
False
Is 1050 a multiple of 15?
True
Does 11 divide 184?
False
Does 209 divide 14401?
False
Does 7 divide 266?
True
Is 1181 a multiple of 40?
False
Does 8 divide 199?
False
Is 2723 a multiple of 7?
True
Does 31 divide 1240?
True
Is 46 a factor of 21068?
True
Is 2868 a multiple of 54?
False
Is 11 a factor of 73?
False
Is 12 a factor of 1068?
True
Is 16 a factor of 11379?
False
Is 5 a factor of 311?
False
Is 14210 a multiple of 14?
True
Is 11 a factor of 1859?
True
Is 1693 a multiple of 18?
False
Is 1134 a multiple of 7?
True
Is 5 a factor of 2600?
True
Is 960 a multiple of 16?
True
Does 12 divide 1164?
True
Is 4799 a multiple of 9?
False
Does 6 divide 54?
True
Does 95 divide 27654?
False
Is 124 a factor of 1545?
False
Is 28 a factor of 6244?
True
Does 50 divide 77?
False
Is 9 a factor of 299?
False
Does 49 divide 2610?
False
Does 3 divide 732?
True
Is 8370 a multiple of 186?
True
Is 33028 a multiple of 30?
False
Is 2196 a multiple of 12?
True
Is 3 a factor of 566?
False
Is 4050 a multiple of 50?
True
Is 851 a multiple of 23?
True
Is 21 a factor of 5565?
True
Is 5 a factor of 9875?
True
Is 152 a factor of 16552?
False
Is 6268 a multiple of 7?
False
Does 20 divide 50780?
True
Is 2295 a multiple of 9?
True
Is 401 a multiple of 75?
False
Does 4 divide 150?
False
Is 3101 a multiple of 204?
False
Is 909 a multiple of 10?
False
Is 70 a multiple of 5?
True
Does 31 divide 834?
False
Is 164 a multiple of 4?
True
Is 23691 a multiple of 53?
True
Does 6 divide 30845?
False
Is 91 a factor of 3457?
False
Is 5501 a multiple of 23?
False
Is 8 a factor of 8?
True
Does 20 divide 3840?
True
Is 24 a factor of 600?
True
Is 5761 a multiple of 7?
True
Is 37 a factor of 1369?
True
Is 10 a factor of 3710?
True
Is 701 a multiple of 12?
False
Is 3 a factor of 1077?
True
Is 702 a multiple of 26?
True
Is 18688 a multiple of 10?
False
Is 225 a factor of 67725?
True
Does 46 divide 543?
False
Does 7 divide 10675?
True
Does 25 divide 2037?
False
Is 350 a multiple of 57?
False
Does 7 divide 987?
True
Is 4653 a multiple of 18?
False
Is 31 a factor of 1395?
True
Is 38 a factor of 48075?
False
Is 67295 a multiple of 143?
False
Is 36624 a multiple of 8?
True
Does 80 divide 1263?
False
Is 2 a factor of 786?
True
Is 12 a factor of 4862?
False
Does 3 divide 1836?
True
Is 162 a factor of 21870?
True
Is 98 a factor of 7644?
True
Is 357 a multiple of 21?
True
Is 5387 a multiple of 69?
False
Is 93 a factor of 6659?
False
Is 6 a factor of 9